{"id":248,"date":"2022-11-28T02:11:51","date_gmt":"2022-11-28T02:11:51","guid":{"rendered":"https:\/\/musing-elion.45-10-26-3.plesk.page\/?page_id=248"},"modified":"2022-11-28T18:29:18","modified_gmt":"2022-11-28T18:29:18","slug":"mitgliedschaft","status":"publish","type":"page","link":"https:\/\/musing-elion.45-10-26-3.plesk.page\/?page_id=248","title":{"rendered":"Mitgliedschaft"},"content":{"rendered":"\n<p><strong>Unterst\u00fctze uns und werde Suncome Mitglied!\u00a0<\/strong><\/p>\n\n\n\n<p>Als Mitglied bei Suncome zahlst du einen Jahresbeitrag von 50\u20ac und bist somit aktiver Unterst\u00fctzer unserer Projekte. Du bekommst regelm\u00e4\u00dfig unseren Lageberichte via E-Mail.\u00a0<\/p>\n\n\n\n<p>Bitte den vollst\u00e4ndig ausgef\u00fcllten Aufnahmeantrag per&nbsp;<\/p>\n\n\n\n<p>E-Mail an&nbsp;<a href=\"mailto:suncome_eV@gmx.de\">suncome_eV@gmx.de<\/a>&nbsp;senden&nbsp;<\/p>\n\n\n\n<div class=\"wp-block-buttons is-content-justification-left is-layout-flex wp-container-core-buttons-is-layout-fc4fd283 wp-block-buttons-is-layout-flex\">\n<div class=\"wp-block-button has-custom-width wp-block-button__width-75\"><a class=\"wp-block-button__link wp-element-button\" href=\"https:\/\/musing-elion.45-10-26-3.plesk.page\/wp-content\/uploads\/2022\/11\/Aufnahmeantrag-Suncome-eV.pdf\" style=\"border-radius:5px\" target=\"_blank\" rel=\"noreferrer noopener\">Aufnahmeantrag<br>herunterladen<\/a><\/div>\n<\/div>\n\n\n\n<div style=\"margin-top:0rem;height:3rem\" aria-hidden=\"true\" class=\"wp-block-spacer\"><\/div>\n","protected":false},"excerpt":{"rendered":"<p>Unterst\u00fctze uns und werde Suncome Mitglied!\u00a0 Als Mitglied bei Suncome zahlst du einen Jahresbeitrag von 50\u20ac und bist somit aktiver Unterst\u00fctzer unserer Projekte. Du bekommst regelm\u00e4\u00dfig unseren Lageberichte via E-Mail.\u00a0 Bitte den vollst\u00e4ndig ausgef\u00fcllten Aufnahmeantrag per&nbsp; E-Mail an&nbsp;suncome_eV@gmx.de&nbsp;senden&nbsp;<\/p>\n","protected":false},"author":2,"featured_media":131,"parent":0,"menu_order":0,"comment_status":"closed","ping_status":"closed","template":"wp-custom-template-sc-seite","meta":{"footnotes":""},"class_list":["post-248","page","type-page","status-publish","has-post-thumbnail","hentry"],"_links":{"self":[{"href":"https:\/\/musing-elion.45-10-26-3.plesk.page\/index.php?rest_route=\/wp\/v2\/pages\/248","targetHints":{"allow":["GET"]}}],"collection":[{"href":"https:\/\/musing-elion.45-10-26-3.plesk.page\/index.php?rest_route=\/wp\/v2\/pages"}],"about":[{"href":"https:\/\/musing-elion.45-10-26-3.plesk.page\/index.php?rest_route=\/wp\/v2\/types\/page"}],"author":[{"embeddable":true,"href":"https:\/\/musing-elion.45-10-26-3.plesk.page\/index.php?rest_route=\/wp\/v2\/users\/2"}],"replies":[{"embeddable":true,"href":"https:\/\/musing-elion.45-10-26-3.plesk.page\/index.php?rest_route=%2Fwp%2Fv2%2Fcomments&post=248"}],"version-history":[{"count":20,"href":"https:\/\/musing-elion.45-10-26-3.plesk.page\/index.php?rest_route=\/wp\/v2\/pages\/248\/revisions"}],"predecessor-version":[{"id":399,"href":"https:\/\/musing-elion.45-10-26-3.plesk.page\/index.php?rest_route=\/wp\/v2\/pages\/248\/revisions\/399"}],"wp:featuredmedia":[{"embeddable":true,"href":"https:\/\/musing-elion.45-10-26-3.plesk.page\/index.php?rest_route=\/wp\/v2\/media\/131"}],"wp:attachment":[{"href":"https:\/\/musing-elion.45-10-26-3.plesk.page\/index.php?rest_route=%2Fwp%2Fv2%2Fmedia&parent=248"}],"curies":[{"name":"wp","href":"https:\/\/api.w.org\/{rel}","templated":true}]}}